 of c?
2
Let u = -454 - -1370. What is the hundreds digit of u?
9
Let o(r) = 2*r**2 - 6*r - 8. Let k(q) = q**2 - 7*q - 7. Let v(p) = -2*k(p) + 3*o(p). Suppose -4*m = -m + 9. What is the tens digit of v(m)?
3
Let b be (((-165)/10)/11)/((-6)/32). What is the units digit of b*(1 + 0 - (11 - 11))?
8
Suppose 3*t + r - 346 = 0, -3*t - 24*r = -22*r - 341. What is the tens digit of t?
1
Let p(j) = 2*j + 37. Let i be p(-6). Let f be 14/(-4)*(-1 + -1). Suppose -2*x - i = -f*x. What is the units digit of x?
5
Let w(m) = -m**2 - 10*m - 15. Let i be w(-7). Suppose 4 = -4*z + i*z. Suppose z*d = -2*d - 3*x + 215, -3*d - x = -165. What is the units digit of d?
6
Suppose -1 = 4*y - h - 5, 4*h - 20 = -2*y. Suppose 5*l + 3*k = 10, -2*l - 10 = -7*l - y*k. What is the tens digit of (l/4)/(1/30)?
1
Suppose s + 3*w = -46, -7*s - 5*w = -2*s + 180. Let t = s - -92. What is the tens digit of t?
6
Let l be ((-14)/4)/(8/(-1072)). Suppose -329 = -6*c + l. What is the hundreds digit of c?
1
Let b = -948 - -1163. What is the hundreds digit of b?
2
Suppose -56 = -b - 0*b + 3*f, b = -3*f + 32. Suppose -h - 1 = w + 4*h, 0 = 4*w + 4*h - b. What is the tens digit of w?
1
What is the hundreds digit of (-14 + 652)/(3/(-15)*-2)?
5
Suppose -5*y + 1229 = -4*v, 2*y - 3*v = -4*v + 502. What is the hundreds digit of y?
2
Suppose 22*w - 8132 = 6784. What is the hundreds digit of w?
6
Suppose -22*r + 24*r = v + 1468, -4*r + 3*v + 2934 = 0. What is the hundreds digit of r?
7
Let w(g) = 2*g**2 - 3*g + 5. Let a be w(-4). Suppose 2*n = -a + 131. What is the units digit of n?
1
Suppose -2*j + 0*j + 4 = 0. Suppose 0 = j*m + 2*m - 148. What is the units digit of m?
7
Let d(u) = 5*u**3 - 2*u**2 - 4*u - 2. Let l be d(-2). Let s be -3 - l/(2/2). Let h = 69 - s. What is the tens digit of h?
3
Suppose -2*g + 32 + 10 = 0. Suppose -546 = 18*x - g*x. What is the tens digit of x?
8
Let v(g) = 5*g**3 - 10*g**2 - 39*g + 28. What is the hundreds digit of v(11)?
0
Suppose 3*q - 9 = 33. What is the tens digit of (-113)/(-5) - q/(-35)?
2
Suppose -5*z = 2*j - 892, -28*j - 539 = -3*z - 33*j. What is the hundreds digit of z?
1
Suppose 8*d + 537 + 207 = 0. Let c = 208 + d. What is the tens digit of c?
1
Let h be 3/(2*(-3)/(-8)). Suppose -3*o + 394 = 4*s, 3*s - 8*s + 477 = -h*o. What is the units digit of s?
7
Suppose 3*b - 4*b + p = 2, -4*b + 2*p - 2 = 0. What is the tens digit of ((-1010)/(-5))/1 - b?
0
Suppose 4*i - 4*b - 7 = 5, -4*b - 4 = -2*i. Suppose -i*k + 10 = c, -2*c - 4*k = -5*k - 29. What is the units digit of (-2)/(-7) + 38/c?
3
Suppose -15*h + 12*h + 1398 = 0. What is the tens digit of h?
6
Let s = -3 + 8. Suppose -x + 1 + 3 = 0, s*y - 109 = -x. What is the tens digit of y?
2
Let n be 1/(-4) - (-2306)/8. Suppose 4*l + l = m - 55, 4*m = 3*l + n. What is the units digit of m?
5
Suppose 2*s + b = 1661, 2*b + 3*b - 835 = -s. What is the units digit of s?
0
Let s = -123 + 3. Let o = 196 + s. Let l = -51 + o. What is the units digit of l?
5
Let j(q) = q**3 - q**2 + q - 2. Let i be j(2). Let h = i - 1. Suppose 0 = 6*a - h*a - 27. What is the units digit of a?
9
Suppose 3*d - 1172 = 2*k + 172, 0 = 4*d + 3*k - 1792. What is the units digit of d?
8
Let j(d) = 7*d**2 - d. Let c be j(-1). Suppose 0 = 4*u - 5*u - c. What is the units digit of -4 - u - 38/(-2)?
3
Let o = 349 - 213. What is the tens digit of o?
3
Let n(m) = m**2 + 7*m + 238. What is the units digit of n(-13)?
6
What is the hundreds digit of 1*8 + 672/63*51?
5
Let o(s) = s**2 + 3*s - 5. Suppose 3*r + 13 = -2. Let q be o(r). Let y(a) = a**3 - 3*a**2 - a - 6. What is the units digit of y(q)?
9
Suppose 5*a = a + 124. Let m = a + -2. What is the tens digit of m?
2
Suppose 0 = -250*k + 253*k - 3051. What is the units digit of k?
7
What is the hundreds digit of (-25866)/(-26) + (-16)/(-104)?
9
Suppose m - l = 184, m + 3*l + 2*l = 214. What is the tens digit of m?
8
Let k(a) = -a**2 - a + 1. Let v(c) = 2*c**3 + 3*c**2 + 8*c + 4. Let h(b) = -3*k(b) - v(b). What is the units digit of h(-3)?
2
Let t be -3*1 - (-32)/4. Suppose -3*m + 111 = 3*a, 0 = -t*m - 2*a + 7*a + 235. Suppose 3*f - 33 - m = 0. What is the units digit of f?
5
Suppose -23*b + 1840 = -7*b. What is the tens digit of b?
1
Let j = 11 + 62. Suppose -n + j = 2*h + 2*h, 0 = -3*n + 4*h + 139. What is the units digit of n?
3
Suppose -l - 1 + 11 = 0. What is the units digit of 3/5 + (-2 - (-1664)/l)?
5
Let h(r) = r**3 + 4*r**2 - 11*r + 3. Let t be h(-6). Let i(l) = 6*l**2 + 4*l + 1. What is the tens digit of i(t)?
4
Let i be (-128)/(-22) + 2/11. Let f be (136/(-12))/(i/(-9)). Suppose -3 = m - f. What is the units digit of m?
4
Let d(o) = -2*o**2 + 33*o - 32. Let n(w) = 3*w**2 - 49*w + 48. Let c(a) = 7*d(a) + 5*n(a). What is the units digit of c(14)?
6
Let j be 2 + (7/14 - 39/(-2)). Let t = j - -36. What is the units digit of t?
8
Suppose a = -6*a + 2982. What is the units digit of a?
6
Let m = 0 - -6. Let c be (-2)/m + 7/3. Suppose 4*o - 92 = 4*l, -2*o - c*o + 2*l + 96 = 0. What is the units digit of o?
5
Suppose 41*c = 21*c + 50480. What is the hundreds digit of c?
5
Let j(f) = f**2 + 7*f - 116. What is the hundreds digit of j(23)?
5
Let x(m) = 1 - 5*m**3 + 2 - m**2 - 5 + 2*m + 3. What is the units digit of x(-1)?
3
Let q(x) = 58*x - 34*x + 11 - 25*x. Suppose -j + 5*j = 4*m - 32, 3*j - 4*m = -24. What is the units digit of q(j)?
9
Let d be (-41 + 0)*1 + -2. Let a = 47 - d. What is the units digit of a?
0
Suppose -b + 1781 = -n, -4*n = -5*b + 8650 + 258. What is the thousands digit of b?
1
Let s(w) = 12*w**2 - 39*w - 35. What is the thousands digit of s(-11)?
1
Suppose -4*m - 4*w + 3144 = -0*w, 2350 = 3*m - w. What is the units digit of m?
4
Suppose 0*i - 5*i = -10. Let x be (4 - 14) + 8 + 2. Suppose 0*w + i*w - 82 = x. What is the tens digit of w?
4
Suppose 2*r - 4*r + 4*v + 32 = 0, 5*r + 2*v = 140. Let h be 9*((-14)/(-6) - 4). What is the units digit of h/(-20)*4 + r?
9
Let r(v) = v**3 + 19*v**2 + 3. Let u = -39 - -20. Let t be r(u). Suppose t*z + 0 = -s + 7, 0 = -4*s + z + 67. What is the units digit of s?
6
Let o = -141 + 151. Let c = 25 - o. What is the tens digit of c?
1
Let v(x) = x**3 + 11*x**2 + 19*x + 6. Let w be v(-9). Let a be (0 - -42)/((-2)/w). Suppose 99 = -o + 6*o + g, 3*o - a = 3*g. What is the units digit of o?
0
What is the hundreds digit of (6 + -2)/4*(-2 - -501)?
4
Let f(l) = 7*l - 2*l + 51 - 3*l. What is the units digit of f(-16)?
9
Suppose -5*b + 2957 = 4*t, -4*b - 5*t + 2362 = -0*b. What is the tens digit of b?
9
Let c(y) = -y**2 + 10*y - 15. Let h(j) = -10*j. Let l be h(-1). Let g be c(l). Let x = -10 - g. What is the units digit of x?
5
Let a(d) = d**3 + 4*d**2 - 2*d + 1. Let j = -44 + 41. What is the tens digit of a(j)?
1
Let j(r) = 2*r + 98. What is the tens digit of j(-10)?
7
Suppose -94*t = -121612 - 111414. What is the thousands digit of t?
2
Let c(n) = 923*n + 98. What is the units digit of c(5)?
3
Suppose 2*o + 10*m = 15*m + 1056, -2*o = m - 1044. What is the tens digit of o?
2
Suppose -z + 33 = 2*z. Let w(b) = b**3 - 11*b**2 + b - 6. Let f be w(z). Let t(j) = 3*j**2 - 8*j + 8. What is the tens digit of t(f)?
4
Let o(b) = b**2 + b + 15. Let z be o(0). Let g = z - 12. Suppose n - g*n = -14. What is the units digit of n?
7
Suppose 0 = -2*w - 7*w. Suppose -34*n + 32*n + 314 = w. What is the units digit of n?
7
Let c = -745 + 53. Let h = -423 - c. What is the tens digit of h?
6
Let n(q) = -q**3 + 4*q**2 + 3*q. Let r be n(5). Let m = 11 - r. What is the units digit of m?
1
Suppose -2*m + 690 = 5*f, 278 = 2*f - m + 11. What is the units digit of f?
6
Suppose -3*i - 2*i + 15 = 0. Let r = i + 19. What is the tens digit of r?
2
Suppose 25*f = 28*f + 2*d - 8317, 8313 = 3*f + 3*d. What is the units digit of f?
5
Let s = 1332 - 649. What is the units digit of s?
3
Let r be (-12)/(-66) + (-108)/(-11). Let k = -88 - -186. What is the units digit of (-6)/r + k/5?
9
Let n = -42 - -58. Suppose -n = 3*j - 67. What is the tens digit of j?
1
Suppose 0 = k - 4. What is the tens digit of (6/k)/((-15)/(-690))?
6
Let f(y) be the third derivative of y**6/120 - y**5/12 - y**4/8 - 2*y**3 + 2*y**2. Let u be f(6). What is the units digit of (-6)/(-9) - u/(-18)?
1
Let u be 4 - (-12 - 0*(-2)/(-2)). What is the units digit of ((-1)/(2/u))/((-4)/16)?
2
Let i be (-6)/(-4)*(-8)/(-6). Let q = -701 + 6